-3 + -2 - 2)*-1 is divided by c(z)?
2
Suppose -5*t + 8*t + 2620 = 5*s, -s + 524 = -2*t. Let m = 779 - s. What is the remainder when m is divided by 37?
33
Suppose 0 = 2*v - 0 + 4, 3*x - 102 = -3*v. Let f(r) = 53*r - 1003. Let w be f(19). Let n = x + w. What is the remainder when 76 is divided by n?
36
Let o(w) = 13*w - 21. Let k be ((-13 - -6)/21)/(2/(-12)). What is the remainder when 8 is divided by o(k)?
3
Calculate the remainder when 140 is divided by 1*6/9 - (19 + (-1640)/60).
5
Suppose -3*w = 3, -187 = -3*z - 5*w - 36. Calculate the remainder when 194 is divided by z.
38
Suppose 4*o - 61 = -p, 36*o = -4*p + 40*o + 64. Calculate the remainder when p is divided by (51/(-12))/(1/(-4)).
8
Suppose -4*u = -7*u - 3*g + 111, 0 = u + 2*g - 32. Suppose d - 197 = u. What is the remainder when d is divided by (-5 - 2)*60/(-14)?
29
Let o(r) = r**3 + 16*r**2 - 32*r + 38. Calculate the remainder when o(-14) is divided by 9.
5
Let a = 2645 - 2500. What is the remainder when a is divided by 30?
25
Let x(v) = v**2 - 2. Let s be x(-2). Let m be ((-2)/(-4))/((-11)/(-22)). Calculate the remainder when 24 is divided by 9*(s - m) + 0.
6
Let m(b) = b + 8. Let t be m(-4). Suppose 0 = -t*z + 2*z + 134. Let d = 513 + -496. What is the remainder when z is divided by d?
16
Suppose -o + 4*g = -2, -4*g = -5*o - 0*g - 6. Calculate the remainder when (7 - (1 - o)) + 5 is divided by 4.
1
Let g(z) = 11*z + 22*z + 18*z - 13*z + 40. Let n be g(-4). Let o = -101 - n. What is the remainder when 29 is divided by o?
7
Let g(c) = 13*c + 9. Let f(d) = 26*d + 17. Let i(r) = -4*f(r) + 7*g(r). Let u be i(-10). What is the remainder when 49 is divided by (2/5)/(5/u)?
9
Suppose w = -4*j + 272, -72 = -2*j + 3*w + 78. What is the remainder when j is divided by 25?
19
Suppose 0 = -4*w - 3*f - 75, -2*f - 30 + 10 = w. Let r be ((-3)/((-12)/(-34)))/((-9)/w). Let k = 102 + r. What is the remainder when k is divided by 22?
19
Calculate the remainder when 137 is divided by 7 + -2 + 12 + 11 - 3.
12
Let k = -222 + 382. Let l = k + -140. Suppose 2*j + 18 = 5*j. What is the remainder when l is divided by j?
2
Let q(c) = 248*c + 41. What is the remainder when q(1) is divided by 2086/70 - (-8)/(-10)?
28
Let n be 1 - (6/(-2) + 2). Calculate the remainder when -6*((-8)/(-12) - 3) is divided by n/(-4)*24/(-4).
2
Let j be 24/5 + 14/70. Suppose 29 - 4 = -j*p. Calculate the remainder when 75 is divided by 2 - (1 + 84)/p.
18
Suppose -3 = -j + 5*q, -j + 4*q - 2*q = -6. Suppose -6*a + j*a = 20. Let h = 2006 - 2000. Calculate the remainder when a is divided by h.
4
Let y = 12075 - 12039. Calculate the remainder when 1651 is divided by y.
31
Let l be (9/(-6))/(1/(-2)). Suppose l*m = -4*b + 429, 2*m + 20 = -2*b + 308. Let f = m + -77. What is the remainder when f is divided by 18?
16
Suppose 4*t + 1 = 9. Suppose 0 = -t*x - 8, 2*x - 96 = -5*z + 16. Calculate the remainder when 82 - -1 - (-2)/(8/(-4)) is divided by z.
10
Suppose -4 = -b + 6. Let r = -43 + 100. Calculate the remainder when r is divided by b.
7
Let q(s) = 8*s + 555. What is the remainder when q(-30) is divided by 83?
66
Let o = -327 + 477. What is the remainder when 742 is divided by o?
142
Suppose -4*n = -5*z - 3, 13 = 5*z - 2*n + 6*n. Let t = 26887 - 26876. What is the remainder when 3/z - 119/(-7) is divided by t?
9
Suppose 24*q = -5*q + 7047. Suppose -q = -4*m - 5*u - 16, -2*m = 5*u - 111. What is the remainder when 173 is divided by m?
57
Let j = -222 - -275. Suppose -h + 4 - 16 = -3*c, 3*c - 12 = 5*h. Suppose h = -g + t + 27, 4*g + 81 = 7*g + t. What is the remainder when j is divided by g?
26
Let u be 32/3 + 4/(-6). Let g(z) = z**2 - 7*z - 11. Let s(v) = 25*v + 768. Calculate the remainder when s(-27) is divided by g(u).
17
Let j(k) be the third derivative of 7*k**6/40 - 16*k**2. Let i be j(1). Suppose -z + 0*z + i = 0. Calculate the remainder when 62 is divided by z.
20
Let o(n) = 15*n - 45. Let r be o(3). Suppose r = -3*f + 72 + 63. Calculate the remainder when 492 is divided by f.
42
Suppose 5 = 2*t + 3*a, -2*t - a = -5 - 2. Let j(m) = -10 - m - t*m**3 + 17*m**2 - 3*m + 5*m**3 + 5. Calculate the remainder when j(-17) is divided by 16.
15
Let o = -3006 - -6270. What is the remainder when o/24 - (-2 + 1) is divided by 47?
43
Let v = -21 - -40. Let k(d) = d**2 + 12*d + 8. Let m = 62 + -77. What is the remainder when k(m) is divided by v?
15
Let x be 513/(-162)*-2*3. Suppose -9 = 2*o - 5*u - 2, x = o + 5*u. Calculate the remainder when 23 is divided by o.
3
Let g = 6 - 9. Let f be 43 - (2 - (-12)/g). Let n = f + -14. What is the remainder when n is divided by 17?
14
Let s be (3 + -6)/((-1)/9). Let o = s - -71. Let m = -40 + o. What is the remainder when 226 is divided by m?
52
Let i(l) = -l**2 + 32*l - 97. What is the remainder when 146 is divided by i(8)?
51
Suppose 0 = -g + 9*g - 5072 - 13112. Calculate the remainder when g is divided by 99.
95
Let z(j) = -11*j + 568. What is the remainder when z(49) is divided by 6?
5
Let v = 296 + -86. Let a = 229 - v. Calculate the remainder when 262 is divided by a.
15
Let m(j) = 3*j**2 + 239*j + 1060. Suppose 2*q = 4*q - 114. Calculate the remainder when q is divided by m(-75).
7
Suppose 0 = -w + 146 + 27. Let y(d) = d**2 - 51*d + 66. Calculate the remainder when w is divided by y(50).
13
Let c(s) = 9*s**2 - 253*s + 60. What is the remainder when 1568 is divided by c(28)?
0
Let x(b) = -143*b + 3436. Suppose 54 = 2*k - 20. What is the remainder when k is divided by x(24)?
1
Suppose 17*j - 12*j + n - 31 = 0, 0 = -5*j + 3*n + 47. Suppose j*c = -261 + 485. What is the remainder when 83 is divided by c?
19
Suppose 0 = q + 206 - 319. What is the remainder when 241 is divided by q?
15
Suppose -t = -3*u + 3 - 22, 0 = u + 3. Let q(o) = 3*o + 3 - 12 + 8*o. What is the remainder when q(6) is divided by t?
7
Suppose 8*s - 5*s - 2806 = -2*y, -2*s = -2*y - 1864. Let c = s + -824. What is the remainder when c is divided by 8?
6
Suppose -113 - 103 = -2*q. Let g = q + -83. What is the remainder when (44/(-20) - -4)*g is divided by 24?
21
Let z = -359 + 366. Let m = -192 - -244. What is the remainder when m is divided by z?
3
Let p = 76 + -41. Let v = -12 + 23. What is the remainder when 5/(p/238) - 4 is divided by v?
8
Let p = 25 + -15. Suppose 2*u + 20*x = 16*x + 18, 0 = u - x. Calculate the remainder when p is divided by u.
1
Let g = 27603 - 27563. What is the remainder when 2226 is divided by g?
26
Calculate the remainder when 1378 is divided by 26 + (-10)/1*11/22.
13
Suppose -10*f + 512 = -8*f. Calculate the remainder when f is divided by 39 + (30/(-3) - 3).
22
Let j = -412 - -611. Suppose 4*k + 55 = m + k, 4*m - 5*k = j. What is the remainder when m is divided by 24/28*3*(-280)/(-45)?
14
Suppose -9 + 25 = 4*p. Suppose 0 = -t - 3*h - 18, 0 = -p*h + h - 12. What is the remainder when 57 is divided by (3/4)/(t/(-96))?
9
Let y(r) = -r**2 + 5*r - 1. Suppose 79 = 4*p + 4*u - u, -3*p = -u - 56. Calculate the remainder when p is divided by y(2).
4
Suppose 93*g = 96*g - 9. Calculate the remainder when 460/((-20)/(-5)) - g is divided by 20.
12
Suppose 5*b + 19*d - 23*d = 192, 2*b + d = 69. What is the remainder when (-2)/(-6) - 2082/(-18) is divided by b?
8
Let z = 5250 + -5141. What is the remainder when 401 is divided by z?
74
Suppose 107*k + 317*k = 118*k + 1389240. Calculate the remainder when k is divided by 19.
18
Suppose h = 5*u - 536, 21*u + 189 - 2403 = -2*h. Let x(y) = 8*y + 4. Let o be (16/(-6))/(16/(-24)). What is the remainder when u is divided by x(o)?
34
Suppose 242 = 5*h + 92. Suppose -6*j + 0*j = -h. Calculate the remainder when 26 is divided by j.
1
Suppose 2*o - 158 = -2*v, 0 = 5*v - 3*o + 5*o - 389. Suppose 17472 = 618*w - 410*w. Calculate the remainder when w is divided by v.
7
What is the remainder when 68 is divided by ((-44)/(-11) - (-7 - 2)) + 35/7?
14
Let j = 722 - 482. Calculate the remainder when j is divided by 80.
0
Let j be ((2 - 3)*1)/((-5)/20). Suppose j*d - 248 = 4*a, -4*a - 120 = -0*d - 2*d. Calculate the remainder when d is divided by 19.
7
Suppose -13199 = -18*f + 20622 + 2881. Calculate the remainder when f is divided by 254.
7
Let z(i) = -i**3 - 29*i**2 + 12*i - 75. What is the remainder when z(-30) is divided by 67?
63
Let y(h) = h**3 - 4*h**2 - 8*h + 1. Let z = 173 - 166. Calcula